) - -6)?
6
Evaluate -1 + 1 - (1 - -4) - -1.
-4
What is the value of 13 - (2 - (-2 + -6 + 6))?
9
What is -7 - (-3 + -8 + 3)?
1
What is the value of -8 + (2 - -7) + -2 + 0?
-1
8 + -17 + 6 - (2 - 7)
2
What is -2 - (1 - (3 + -3))?
-3
Calculate 3 - -3 - (-14 - -6 - -12).
2
What is 6 - (8 - 4 - 3)?
5
What is (0 - (10 - 13)) + 4?
7
11 - 8 - (18 + -7)
-8
Evaluate -6 + -11 + 20 + 1 + -1.
3
What is 1 - (4 + (-1 - -1))?
-3
-7 - 0 - (13 - 11)
-9
What is the value of -5 + -1 + 1 - (2 + -8)?
1
What is the value of 1 + (2 - 2) + (-22 - -26)?
5
0 - (6 + 1 + 2 + -16)
7
What is -2 + (-6 - -7 - 4)?
-5
Calculate 6 + 0 + -9 + 0.
-3
Calculate 6 - 2 - (27 - 21).
-2
What is -1 - (25 + -21 + -1 + 1)?
-5
What is 0 - 2 - 0 - (90 - 90)?
-2
What is (-1 - -4) + -3 + 0 + -4?
-4
2 + 4 + (1 - 7)
0
7 + -6 + (4 - 4)
1
What is the value of 3 + (-4 + 3 - 1) + 1?
2
Calculate -6 + (2 + 0 - (18 + -14)).
-8
What is -4 + 1 - (-7 + 2 + 4)?
-2
Evaluate 0 + (5 + (-1 - -2) - 3).
3
What is 1 + 0 + -5 + 2?
-2
19 + -3 + -8 - 5
3
0 + 2 - (13 + 0)
-11
What is (-1 - 4 - (19 + -22)) + 8?
6
What is the value of (-1 - 1) + (0 - (-4 + 0))?
2
Calculate (13 - 12 - -1) + 8.
10
Calculate -6 - -10 - (1 - -2).
1
What is (0 - 0) + (-8 - -3)?
-5
Evaluate (-1 + 7 - 8) + 2.
0
Calculate 2 - (-2 - -4) - -2.
2
What is -219 + 211 - (-7 - 1)?
0
What is the value of -1 - (-1 + 12 - 20)?
8
Calculate 5 + (4 - (-2 - -7)).
4
2 - (7 - 2 - (-8 - -9))
-2
Evaluate (-2 - 0) + 4 + -5 + 4.
1
What is the value of 27 + -33 - (-4 - (2 + -5))?
-5
Evaluate -1 + 3 + (10 + -10 - -2).
4
Calculate 3 + 2 - (-2 + 6).
1
Calculate 2 - (3 + -1) - (-2 + -1).
3
(-5 - (-3 - (-1 + 2))) + 0
-1
Calculate (-2 - 1) + 6 + (-6 - 1).
-4
What is the value of 0 - (-4 - (-5 - -6))?
5
-13 - (-10 - (3 + -4))
-4
Calculate (-3 - -3) + 6 + (-3 - 4).
-1
Evaluate -7 - (-3 - (7 - 3) - -5).
-5
What is -1 + 2 + -1 + 2 - -1?
3
Calculate (1 - (-1 - -1)) + -9 + 9.
1
What is the value of -4 - (-4 - -5) - -5?
0
Calculate (-1 - 2) + (4 - -9).
10
What is 0 - (-1 + 7) - (0 - 3)?
-3
What is the value of 4 + (-1 - (3 + -3)) - -1?
4
What is the value of (-6 - -11) + 5 - 16?
-6
What is the value of 0 + -7 + (-3 - -6)?
-4
What is the value of 0 - (2 + 5 + -2)?
-5
Calculate 8 - 15 - -10 - 10.
-7
What is the value of (-2 - -1) + 9 + -3?
5
What is the value of 1 + (-5 + 4 - -4) - 0?
4
What is 4 + -4 + 6 - (5 - 3)?
4
What is 3 - (3 - 7) - 11?
-4
What is the value of 5 + -1 + 3 + -3 + 3?
7
-15 + 10 + -19 + 20
-4
Evaluate -9 + 7 - (0 + 2).
-4
What is the value of (-1 - 2) + 0 + -4 + 9?
2
What is -9 + 2 + 4 + -2?
-5
(0 - -3 - 0) + 1 + -1
3
(-4 - 0) + (-5 + -1 - -5)
-5
Calculate 7 - 9 - (-2 + (1 - 2)).
1
What is the value of -6 + (6 - -2) - 4 - 7?
-9
Evaluate (-17 - -22) + (-2 - 0) + 0.
3
What is the value of -1 - (4 - (-1 - -2))?
-4
(6 - 1) + 1 + -6 + -5
-5
What is the value of 0 + (-2 - 0 - -4)?
2
Calculate 3 + (-11 - (-4 + 2 + 2)).
-8
What is the value of -1 + 4 - 3 - -4?
4
What is the value of -11 - (-1 - 1) - (16 - 20)?
-5
Calculate -4 + 0 - (-9 + -7 + 11).
1
What is the value of 3 + -5 + 2 + -4?
-4
Calculate 3 + 8 - 0 - 6.
5
-18 + (32 - 16) - (1 + -2)
-1
What is (1 - 5) + (-3 - -11)?
4
Evaluate -1 - 2 - (2 - 10).
5
What is the value of -7 - -6 - -3 - (-3 - 1)?
6
-2 + 3 + 2 + -5
-2
-6 - (2 - (2 - -2)) - 1
-5
Calculate 2 + -6 - (-7 + 4).
-1
What is 3 - (9 - 5) - (4 - 12)?
7
(2 - (1 + -3)) + -1
3
What is the value of 13 - 5 - (1 + 10)?
-3
Evaluate -3 + (0 - -11) + -3.
5
What is the value of -4 + 13 + -4 + 0?
5
Evaluate 1 + 0 + (0 - 2) + 2.
1
What is the value of -3 + 0 + -8 + 8?
-3
What is 0 - (-3 - 3) - 2?
4
(-1 - -4) + (2 - 4)
1
What is the value of -46 + 30 - (-3 - 3)?
-10
What is the value of 4 - (12 - 0) - -13?
5
What is the value of -9 + (3 - -1) + (3 - 3)?
-5
1 - 6 - (6 - (18 + -7))
0
Calculate 4 + (2 - ((-2 - -6) + 4)).
-2
(3 - (-5 + -7 + 11)) + -7
-3
Calculate -17 + 18 - (0 + -2).
3
Calculate (2 - -9) + -3 + -4.
4
(-1 - 0) + 3 - (34 + -32)
0
What is the value of 2 - 1 - (16 - 13)?
-2
What is the value of -18 + 9 + 15 + 0?
6
What is the value of -1 + (5 + 0 - 5) + -2?
-3
What is -1 + 3 + 1 - -1?
4
What is 1 + -3 + 6 + -8?
-4
Evaluate 6 - 10 - -11 - (-1 - -5).
3
Evaluate -7 + (9 - 3 - 2) + 2.
-1
Calculate (8 - 5) + -1 + 0 + -3.
-1
What is -4 + (-5 + 2 - -5)?
-2
What is the value of (-10 + 6 - -17) + -8?
5
2 + (3 - (1 - 1))
5
Evaluate -4 + -6 + 8 + 7.
5
-6 + -5 + 9 - 7
-9
What is the value of 11 + -2 + (2 - 4)?
7
Evaluate (-15 - -7) + 5 + 11 - 11.
-3
Evaluate (-2 - -5 - 6) + (0 - 2).
-5
Evaluate (0 - (-1 - 1)) + 0.
2
Evaluate (-11 - (-1 + -8)) + 0 + 4.
2
What is the value of 8 + -2 + 3 + -4?
5
What is -3 + -3 + (-5 + 1 - 0)?
-10
What is (15 - 14) + (2 - 3)?
0
Calculate (7 - 3) + (-1 - -3) + -3.
3
Calculate -16 + 25 + -5 + 0.
4
What is the value of 1 - 2 - (0 + -12 - -3)?
8
Calculate 3 - (5 - 4 - 2).
4
8 + -5 + 7 + -9
1
-3 - (5 + -2 + -6)
0
What is the value of -5 + (1 - (-2 + 3 + -1))?
-4
What is the value of -1 + 1 + 1 + -4 + 4?
1
-5 + -1 + 1 + 6 - 2
-1
What is the value of 2 - (2 - (6 - 5))?
1
1 - (2 + (4 - 4))
-1
Evaluate -7 + -12 + 13 - -13.
7
-28 + 30 - ((8 - 1) + 0)
-5
2 + 5 + (-11 - -4)
0
Evaluate (1 - -1) + -6 + 0.
-4
What is 3 + (-3 - -2 - 5) + 2?
-1
Calculate (13 - 0 - 17) + 12.
8
What is the value of ((-5 - -5) + 1 - 8) + 6?
-1
What is -9 + (13 - -1) + 4 + -2?
7
Calculate 2 - (1 + (-2 - 1) - -8).
-4
What is the value of -13 - -13 - (3 - (-1 - -3))?
-1
What is the value of 2 + -9 + 0 - (-3 - 0)?
-4
What is 1 - 0 - (-7 + 4 + 3)?
1
What is 17 + -10 + -8 + 2?
1
Calculate 3 + -4 + 5 + 0.
4
Calculate -5 + (6 + -9 + 7 - -1).
0
Evaluate -5 + 4 + 3 + -4.
-2
20 + -18 + 0 + -3
-1
14 - (6 - -5 - -4)
-1
What is the value of (3 - 1) + -14 + -7 + 14?
-5
What is (8 - 5) + (10 - 2 - 6)?
5
-4 - 5 - (4 + -13)
0
5 - (11 - (-4 + 18))
8
What is the value of (50 - 61) + (-2 - -10)?
-3
Calculate (7 - (3 + 4)) + 6 + -2.
4
What is the value of 5 - (1 + -8 + 2 - -7)?
3
Evaluate (-42 - -49) + (-3 - -2).
6
Calculate -7 + 4 + (6 - (1 + 0)).
2
What is the value of -4 - (4 - 6) - (11 - 17)?
4
What is the value of 3 + (-2 - 0) + 4?
5
0 + -2 + (-3 - (8 + -17))
4
Evaluate (27 - 25) + (3 - 0) - 2.
3
What is 0 + (-4 - 0 - -8) + -4?
0
Evaluate (10 - 8) + (-3 - (2 + -5)).
2
What is the value of 2 + -1 - (-2 + 1)?
2
(-4 + 1 - -2) + 6
5
What is 3 - 1 - (4 - 6 - -1)?
3
What is the value of 1 + -1 + 2 - (-1 - -7)?
-4
Evaluate 3 + (-4 - ((-4 - -4) + -5)).
4
94 + -94 + (-8 - (-3 - -2))
-7
Calculate (-1 - (2 + 0)) + 4 + -1.
0
What is the value of (-6 - -4) + -4 + 0 + 2?
-4
What is the value of (-2 - (-5 - -4)) + 3?
2
What is the value of (2 - 0 - 4) + (-4 - -10)?
4
What is -18 + (2 - -11) + -1?
-6
What is -6 + (0 - 2) + 4 - -7?
3
Calculate -4 + 2 + (-2 - 0) + 1.
-3
-25 - -13 - (1 + -12)
-1
Calculate (13 - -8) + (-1 - 7) - 4.
9
What is the value of -11 + 9 - 5 - -12?
5
What is -7 + (2 - (1 - 4))?
-2
What is (-6 - -5) + (-12 - -6)?
-7
Evaluate -4 - (-5 + (-4 - -1)).
4
0 - -1 - (3 + 1 + 1)
-4
Evaluate 8 + 2 + -5 - 4.
1
What is the value of 2 - (2 - 0) - 1?
-1
What is -258 - -268 - (-1 + 7)?
4
5 - (-10 - (0 - 5) - -10)
0
-17 + -5 + 12 + 9
-1
What is the value of 5 + (-5 - (1 + -3))?
2
Calculate (-3 - -3) + -2 - 0 - 0.
-2
Calculate -7 - ((-5 - -1) + -10).
7
What is the value of -8 - -3 - (-5 + -2)?
2
2 - -9 - ((16 - 8) + -3)
6
-4 - (11 - (-13 + 34))
6
What is the value of (-6 - -5) + -1 + -1?
-3
Calculate -6 + 1 + 1 + 4.
0
What is the value of 3 - ((24 - 8) + -6)?
-7
Calculate 3 + (1 - (-9 + 3 + 6)).
4
Evaluate 5 - 3 - (9 + -13).
6
What is -1 + (-6 + 4 - (4 + -8))?
1
Evaluate -2 - (-9 + 6 - 0).
1
What is the value of -6 + (3 - 7) - -11?
1
Evaluate -5 + 1 + 1 + 1 + -1.
-3
What is (-9 - (1 - 17)) + -2?
5
Calculate -3 - (-3 + (-6 - (-1 + -2))).
3
Evaluate 3 + 3 + (4 - 2) + -2.
6
What is the value of 3 + -6 + 6 + -10 + 10?
3
Evaluate 12 - (1 - (-10 + 6)).
7
Evaluate -2 + -1 + -1 + 1.
-3
Evaluate 2 + (4 + 4 + -3 - 3).
4
Calculate (-5 - -7) + 9 - (-1 + 6).
6
What is (-18 + 2 - -8) + 4?
-4
-3 - (-2 + 3 - (0 - 1))
-5
What is the value of -41 + 48 + -4 + 0?
3
What is -4 + -3 + -1 + 8?
0
Evaluate -7 - -8 - (-3 + 7) - -3.
0
What is the value of 7 + (-2 - (-1 - (-10 + 5)))?
1
What is the value of 0 - (-1 - 3 - -5) - 3?
-4
-1 + (2 - (-3 + 2))
2
(0 + 7 - 5) + -4 + 0
-2
Calculate 8 - ((-7 - -1) + (30 - 19)).
3
Calculate 14